+ 3*l = -28 + 7. List the prime factors of d.
2
Suppose 3*g = 5*g - 14. Suppose 5*r - g - 13 = i, r = i. List the prime factors of r.
5
Let g(s) = -2*s**2 + 2*s + 5. Let i be g(0). Let x(w) = 4*w + 3*w - 4 - w**2 - 3. List the prime factors of x(i).
3
Let b be ((-8)/(-12))/((-3)/(-27)). Let a(f) = -f**3 + 8*f**2 - 9*f. What are the prime factors of a(b)?
2, 3
What are the prime factors of (71/4)/(4/16) - -2?
73
Let t be -3*4/(-4)*-1. Let d(k) = k**3 + 4*k**2 - k. List the prime factors of d(t).
2, 3
Suppose 0 = -2*y + 10 + 20. What are the prime factors of (y/(-20))/((-1)/28)?
3, 7
Let p = 7 - -15. List the prime factors of p.
2, 11
Let n(b) = 3*b**2 + 2*b. Let q be n(-3). Let x = 5 + q. Let a = -18 + x. What are the prime factors of a?
2
Let x(s) = s**2 + 3*s + 3. Suppose -u + 4*n + 14 = 1, -16 = 4*n. Let f be x(u). List the prime factors of 2 - (-5 - f - 1).
11
Suppose 2*a - 16 = -2*y, 4*y - 15 = -2*a + 7. Suppose -20 = 5*w, 6*u - y*u = w + 1. Let v = 1 - u. List the prime factors of v.
2
Let o(w) = 2*w**2 - 4*w - 6. What are the prime factors of o(7)?
2
Let h(f) = -2*f**3 - 2*f**2 + 1. Let a be h(-2). Suppose -6 - a = -l. What are the prime factors of l?
3, 5
Suppose 4*u = 3*v + 5 + 1, -5*u - 5*v + 25 = 0. Suppose u*a = -5*r + 27, 6*r - 3*r = -2*a + 16. Let m = r - -1. List the prime factors of m.
7
What are the prime factors of -2 - 4*(-84)/8?
2, 5
Let c(w) be the first derivative of -w**3/3 - 11*w**2/2 - 9*w + 5. What are the prime factors of c(-7)?
19
Let v be 18/(-4) - (-1)/2. Let l be v/(-3)*3/2. Suppose 4*k + l = 5*k. What are the prime factors of k?
2
Suppose -2*o + 5*a = -46, -a + 32 = o + a. Let p = -17 + o. List the prime factors of p.
11
Let m(p) = -p**3 - 8*p**2 - p + 4. Let o be 3 + 0 - (1 + 0). Suppose o*n - 6*n = 32. List the prime factors of m(n).
2, 3
What are the prime factors of 5 - 1 - (-390)/2?
199
Let p(g) = g + 47. List the prime factors of p(-22).
5
Let v be (34/5 + 1)*5. Let k = v - 6. What are the prime factors of k?
3, 11
Let n be 6 + -3 - 1 - 2. Let u be (-4)/6 - (-4)/6. Suppose -2*q + u*q + 16 = n. List the prime factors of q.
2
Let n(v) = -v**2 + 9*v - 4. Let t be n(8). Suppose 0 = -y - 2*p + 34 + 4, 0 = t*y - 3*p - 152. List the prime factors of y.
2, 19
Suppose -m + 1560 = 5*m. What are the prime factors of m?
2, 5, 13
Let w(p) = p + 10. Let j(v) = -3 - 4 - 5*v + 6 + 3. Let k be j(2). What are the prime factors of w(k)?
2
Let v = -20 - -33. Suppose -v = -h + 7. List the prime factors of h.
2, 5
Suppose 4*s = 3*h + 185, 2*h - 6 - 4 = 0. Suppose -3*r + 2*l = -s, 3*r - 54 = -3*l + 6. What are the prime factors of r?
2, 3
List the prime factors of -7*(4 - 8 - 10).
2, 7
Let q = 146 + -48. List the prime factors of q.
2, 7
What are the prime factors of (148/(-12))/((-1)/3)?
37
Let g(i) = 9*i - 8. What are the prime factors of g(8)?
2
Suppose -4*b + 6*b - y = 72, -3*b + 117 = 3*y. What are the prime factors of b?
37
Let r(m) = -m**2 - 3*m + 4. Suppose 0*o - 8 = -2*o. Let q be r(o). Let c = -17 - q. What are the prime factors of c?
7
Let w(f) = -5*f**3 - f - 1. What are the prime factors of w(-2)?
41
Let c(z) be the second derivative of z**3/6 + 3*z**2 + 5*z. List the prime factors of c(6).
2, 3
Let u be (-9)/12 + 244/(-16). What are the prime factors of (u/6 + 3)*9?
3
Suppose -3*f = 2*f - h - 16, -h = -f. Suppose f*n - 43 = 41. Suppose 2*v - n = -v. List the prime factors of v.
7
Suppose 8 = -4*t, -7*t = -y - 3*t + 18. Let k = 19 - y. What are the prime factors of k?
3
Let b(c) = 2*c - 23. Let s(y) = y - 15. Let n = -6 - -14. Let g(q) = n*s(q) - 5*b(q). What are the prime factors of g(-7)?
3
Let l be -1 - (-2 - -4 - 11). Let j be (-5)/(-20)*l/2. Suppose j = 4*q - 7. What are the prime factors of q?
2
Let o be (-36)/(-10) + 4/10. Let y be o + 0*1/3. Suppose y*s - 13 = 11. What are the prime factors of s?
2, 3
Suppose 0*x = x + 3*y - 3, 27 = 5*x + 3*y. Suppose -x*m + 50 = -m. Suppose 0 = -c + m - 2. What are the prime factors of c?
2
Let y(j) = -7*j**3 - 3*j**2 - 15. Let l be (-28)/(-16) - 2/(-8). Let t(v) = 3*v**3 + v**2 + 8. Let f(w) = l*y(w) + 5*t(w). List the prime factors of f(0).
2, 5
Let o = -16 + 21. Let s = 14 - 6. Suppose j = o*j - s. List the prime factors of j.
2
Let o = 207 + 12. List the prime factors of o.
3, 73
Suppose -2*l = -4*f - 8, -2*f + 3*f - 5*l = -11. Let a(m) = -4*m**2. Let t be a(f). List the prime factors of t/6*(1 + -7).
2
Let x(i) = -i + 7. Let p(y) = y**3 + 6*y**2 + y - 7. Let m be p(-5). Let f(o) = 2*o - 15. Let k(d) = m*x(d) + 6*f(d). List the prime factors of k(-2).
3
Let v = -64 - -89. What are the prime factors of v?
5
Suppose 2*t = 3*t. Suppose w = 4*y + 6, t = 4*w + 2*y + y - 5. Suppose -z - 11 = -w*z. What are the prime factors of z?
11
Let g = 25 + 25. Suppose 0 = i - 6*i + g. List the prime factors of i.
2, 5
Let r(i) = -20*i - 1. What are the prime factors of r(-1)?
19
Let a(l) = 2*l**2 + 2*l. Let t be a(-2). Suppose t*n - c = 4*c + 47, 5*n + 4*c = 28. List the prime factors of n.
2
Suppose 0 = -4*d + 3*d + 75. Suppose -3*i + 3*k + 39 = 0, d = 2*i + 5*k + 28. Suppose -2*g + g = -4*n + i, -2*n + 22 = 3*g. What are the prime factors of n?
5
Suppose 3*j + 2*j - 315 = 0. List the prime factors of j.
3, 7
Suppose -2 - 4 = h. Let d(f) = -f**3 - 5*f**2 + 7*f + 9. What are the prime factors of d(h)?
3
Let d(k) = k**3 + 11*k**2 - k - 11. Let q be d(-10). Suppose q = 3*w - 0*w. List the prime factors of w.
3, 11
Suppose -59 - 169 = -4*n. What are the prime factors of n?
3, 19
Let g(l) = l**2 + 6*l - 7. Let d be g(-7). Let m be (d + -1 - -1) + -2. What are the prime factors of (-32)/(-3) + m/3?
2, 5
Let j be (-12)/(-9)*(-3)/(-2). Let r = 5 - j. What are the prime factors of r?
3
Let r be 18/8 - (-4)/(-16). Suppose 0 = r*x - 16 - 40. Let h = -20 + x. List the prime factors of h.
2
Let m(o) = -4*o**2 + 3*o**2 - 3*o**2 - o**3 - 4*o**2 - 5 - 8*o. Let h be m(-7). Suppose -4*g - 4 = 0, 2*g + 20 = -n + h*n. What are the prime factors of n?
2, 3
Let r = -8 - -14. Suppose -5 - 40 = -5*y. List the prime factors of 51/y + 2/r.
2, 3
Let o = -32 - -160. List the prime factors of o.
2
Suppose -z = -k + 18, -2*k = -0*k - 3*z - 32. Let t be -3 - 1*-1*8. Suppose -t*d = -k - 13. List the prime factors of d.
7
Let k(a) = 0*a**3 - a**3 + 4*a**2 - 3*a + 2*a**3. List the prime factors of k(-4).
2, 3
Suppose -4*z = -3 - 109. What are the prime factors of 14/(-3)*(-72)/z?
2, 3
Let g = -105 - -188. Suppose 0 = 2*d + 5*x - g, -5*x - 73 = -0*d - 2*d. Suppose 30 = 2*r - 4*y, 5*r - d = 5*y + 16. What are the prime factors of r?
7
Let i(o) = -303*o + 6. List the prime factors of i(-1).
3, 103
Suppose -5*a + 9 = -2*a. Let z(t) = -t - 10*t**a + 0*t + 2*t. What are the prime factors of z(-1)?
3
Let j(f) = 4 + f - f + 3*f - 2*f. List the prime factors of j(5).
3
Suppose -165 = -10*a + 9*a. List the prime factors of a.
3, 5, 11
Let o(v) be the first derivative of v**4/4 + 14*v**3/3 - v**2/2 - 2*v - 5. What are the prime factors of o(-14)?
2, 3
Let h = -41 - -127. Suppose 0 = -4*c + h + 18. Suppose c = 5*m + 1. List the prime factors of m.
5
Let i(w) = -8*w + 20. List the prime factors of i(-7).
2, 19
Let j = 9 + 8. Let h = j - 0. List the prime factors of h.
17
Let v = 368 + -91. What are the prime factors of v?
277
Suppose -3*r + 3*n + 5 = 7*n, 2*n = -2. Suppose -17 = -r*t + 13. List the prime factors of t.
2, 5
Let w(f) = -2*f**2 - f + 2. Suppose -3 = -4*i + 5. Let x be w(i). Let u = x - -22. List the prime factors of u.
2, 7
Suppose -5*k + 16 = 3*r - 0*r, r = 3*k + 10. Let n be r/21*(0 + 15). Suppose -3 - 12 = -n*l. List the prime factors of l.
3
Let v(y) = 11*y + 3. Let z be v(3). Suppose 0*a = 3*a - z. What are the prime factors of 1/3 + 32/a?
3
Suppose 4*a - 16 = d - 56, 2*a + 90 = 4*d. Let w be d/28 - 4/(-14). Suppose 4*p - w - 7 = 0. What are the prime factors of p?
2
What are the prime factors of 2 - 0 - -122 - 2?
2, 61
Let a = -21 + 51. Suppose -y + a = y. List the prime factors of y.
3, 5
List the prime factors of -1 - (53/2 - -2)*-2.
2, 7
Let v = -10 - 3. List the prime factors of (v/3)/((-2)/12).
2, 13
Let i = 64 - 36. What are the prime factors of i?
2, 7
Let j = 31 + -13. What are the prime factors of j?
2, 3
Let d = 0 + 1. Suppose 0 = q - 1 - d. Suppose 10 = 5*h, -2*t + 26 = 3*t - q*h. What are the pri